 composite number?
True
Is 2696263039 a composite number?
True
Is 9342472133 a composite number?
True
Is 12105695237 a prime number?
False
Is 29836562561 composite?
True
Is 88901577209 prime?
True
Is 44180708639 composite?
False
Is 204283650595 a prime number?
False
Is 25718365931 prime?
True
Is 2764729201 composite?
True
Is 25763879 a prime number?
False
Is 884193901 a prime number?
True
Is 61911583 composite?
True
Is 848876979 prime?
False
Is 2251722559 composite?
False
Is 14992521913 composite?
True
Is 1275140215 a composite number?
True
Is 6245057501 a prime number?
True
Is 4582836253 composite?
False
Is 1396887927 a composite number?
True
Is 8114156191 a composite number?
False
Is 1493394391 a composite number?
False
Is 2398921727 a composite number?
False
Is 924877043 a composite number?
False
Is 92209014461 a composite number?
True
Is 371664803 a composite number?
False
Is 797779747 a prime number?
True
Is 793829363 composite?
False
Is 7011469147 a prime number?
True
Is 5752535601 a prime number?
False
Is 9682936111 a prime number?
True
Is 3729713291 a composite number?
False
Is 26454763063 prime?
True
Is 30599941759 a prime number?
False
Is 300662093 prime?
False
Is 2040971137 prime?
True
Is 1071156551 a composite number?
False
Is 111803777 a prime number?
False
Is 16236579407 composite?
True
Is 992503117 prime?
True
Is 13220132477 composite?
False
Is 22773149999 a composite number?
True
Is 92899633367 composite?
False
Is 6128948569 a prime number?
False
Is 30922774613 composite?
True
Is 862552399 prime?
False
Is 1636406342 a composite number?
True
Is 71968344479 a composite number?
True
Is 114701983 a prime number?
False
Is 309824471 a composite number?
True
Is 24610222181 prime?
False
Is 572711359 a composite number?
True
Is 16679020627 a composite number?
False
Is 238000397 composite?
False
Is 7625893567 a prime number?
True
Is 76016077 composite?
True
Is 80114021893 a composite number?
False
Is 284159639 composite?
True
Is 715007299 a composite number?
False
Is 68060248541 a composite number?
False
Is 1618807863 a composite number?
True
Is 265284379 a composite number?
True
Is 7310236069 a composite number?
True
Is 614331647 a composite number?
False
Is 962173423 a composite number?
True
Is 8817853717 composite?
False
Is 799698503 prime?
False
Is 23744847271 composite?
True
Is 17573752591 prime?
True
Is 2133692597 a composite number?
False
Is 37681619 a prime number?
True
Is 2493122557 a prime number?
False
Is 66263730671 a prime number?
True
Is 20004034067 prime?
True
Is 2023396913 a prime number?
True
Is 4363917717 a composite number?
True
Is 276160303 composite?
False
Is 3609343429 a composite number?
True
Is 12400102751 prime?
True
Is 2163578477 a composite number?
True
Is 26069905727 a composite number?
True
Is 17993693 a composite number?
False
Is 1519488865 composite?
True
Is 28629652641 a prime number?
False
Is 13380510287 a composite number?
True
Is 19428676445 a prime number?
False
Is 87340159 a prime number?
True
Is 1013112521 composite?
False
Is 63641421917 composite?
False
Is 51561741431 a composite number?
False
Is 6429582959 composite?
False
Is 6330579095 prime?
False
Is 10007280029 a composite number?
False
Is 29613985097 composite?
True
Is 4719133121 a composite number?
False
Is 24844151971 composite?
True
Is 954840311 a prime number?
True
Is 1290532829 composite?
True
Is 49535283671 composite?
False
Is 104224578383 a composite number?
False
Is 4903162549 prime?
True
Is 70803569582 a prime number?
False
Is 16537392337 a prime number?
False
Is 52667081393 composite?
False
Is 2234657489 composite?
False
Is 119747731163 prime?
True
Is 4487867599 prime?
False
Is 448600133 composite?
False
Is 35535100109 prime?
False
Is 23971120951 composite?
True
Is 250773142 prime?
False
Is 1521548797 a prime number?
True
Is 536734307 a prime number?
False
Is 687635579 composite?
True
Is 33122134 a prime number?
False
Is 641741581 a composite number?
True
Is 6050974301 composite?
True
Is 5276477693 a prime number?
True
Is 435422833 prime?
True
Is 285199651 prime?
False
Is 165067886243 a composite number?
True
Is 1097618443 a prime number?
False
Is 7682337745 a prime number?
False
Is 17602803613 composite?
True
Is 441483359 a composite number?
False
Is 1772457847 a prime number?
False
Is 74680213099 a composite number?
False
Is 131966347 composite?
False
Is 1041379907 a composite number?
True
Is 512823291 composite?
True
Is 10424560963 composite?
True
Is 14319139139 a prime number?
True
Is 16939061369 prime?
True
Is 3058890277 prime?
False
Is 190890493 a prime number?
False
Is 1522908203 a composite number?
True
Is 561730187 a prime number?
True
Is 6286627153 prime?
True
Is 13291970077 prime?
True
Is 20986599 composite?
True
Is 4254744623 a composite number?
False
Is 31826763867 composite?
True
Is 2145014909 prime?
True
Is 5085137581 composite?
False
Is 38590493551 prime?
True
Is 91033074127 a prime number?
False
Is 335789441 a prime number?
False
Is 368157499 prime?
True
Is 26120437 a composite number?
True
Is 5100680579 a prime number?
True
Is 12164084839 a composite number?
False
Is 4000150607 composite?
True
Is 2608067173 a prime number?
False
Is 2030648923 composite?
False
Is 277148593 prime?
False
Is 2301779 composite?
False
Is 14675019301 prime?
True
Is 336847607 a composite number?
True
Is 9839660678 composite?
True
Is 7349754251 composite?
True
Is 30933518821 prime?
True
Is 995362007 composite?
True
Is 33131349893 a prime number?
False
Is 10092419081 a prime number?
True
Is 3252864509 composite?
True
Is 3648173597 prime?
True
Is 1538741551 a prime number?
True
Is 918372641 composite?
False
Is 4087869547 composite?
False
Is 1316092667 a composite number?
True
Is 479840069 prime?
False
Is 1077842957 a composite number?
False
Is 7367806397 a composite number?
True
Is 102846176911 a composite number?
True
Is 107765265649 a prime number?
True
Is 791098531 prime?
True
Is 2942950163 a prime number?
True
Is 2724107 prime?
False
Is 13634581867 composite?
False
Is 421611887 composite?
False
Is 61242812357 composite?
True
Is 204227581 composite?
True
Is 747506373 prime?
False
Is 20847817761 composite?
True
Is 65465047853 a prime number?
True
Is 15930421553 composite?
False
Is 6685826087 composite?
False
Is 6328797217 a composite number?
False
Is 6458819069 prime?
True
Is 3381788593 prime?
False
Is 119027971 a prime number?
False
Is 7419549463 a composite number?
True
Is 1753974163 a prime number?
False
Is 717182695 a prime number?
False
Is 452973793 a prime number?
True
Is 22171036777 a prime number?
True
Is 3560492387 composite?
False
Is 30642068687 composite?
True
Is 291647816327 a prime number?
False
Is 3981160609 composite?
True
Is 11327454559 a prime number?
True
Is 21227112969 composite?
True
Is 268558222 prime?
False
Is 65064863 a composite number?
False
Is 1457257709 composite?
True
Is 17657657377 prime?
False
Is 5735836297 composite?
True
Is 26231528623 composite?
False
Is 13266532187 a composite number?
False
Is 581080309 composite?
False
Is 4838933579 a prime number?
False
Is 6043093487 prime?
False
Is 633859663 composite?
False
Is 141388739 composite?
False
Is 39574634269 prime?
False
Is 715366958 a composite number?
True
Is 44267510669 composite?
True
Is 5647780139 a composite number?
False
Is 171301695429 a prime number?
False
Is 582619343 composite?
False
Is 2999056301 prime?
False
Is 592809461 a composite number?
False
Is 905181041 composite?
True
Is 5650265297 a composite number?
True
Is 8733368807 a prime number?
True
Is 43383295861 prime?
True
Is 122814473 composite?
True
Is 849291851 a prime number?
False
Is 206403059 prime?
True
Is 8997442453 a prime number?
True
Is 7189029607 a composite number?
False
Is 219252559 a prime number?
True
Is 8338413637 a prime number?
True
Is 34663082863 composite?
True
Is 20894541047 composite?
True
Is 70255592089 a composite number?
False
Is 97529770841 composite?
False
Is 39194942117 composite?
False
Is 85352342785 composite?
True
Is 1816750349 composite?
True
Is 3766140341 prime?
True
Is 1178020631 a composite number?
True
Is 177317641 a composite number?
False
Is 628896121 a prime number?
False
Is 161725736527 prime?
True
Is 501001049 a composite number?
False
Is 7939771823 co